 - c - 7. Determine y(a).
-7
Let s(m) = m**2 - m - 1. Let u(f) = 9*f**2 + 2*f + 3. Let p(k) = 2*s(k) + u(k). Give p(1).
12
Let x(p) = -p**2 - 3*p - 3. Suppose t + 14 = -6*t. Calculate x(t).
-1
Suppose 2*r = 3*p + 8, -4*r - p = 2*p - 16. Let h(w) = -51 + 49 + 5*w - r*w. Give h(6).
4
Let a(b) = b**2 + 8*b + 8. Let c be a(-7). Let w = 1 - c. Let p(g) = g**3 + 2*g**2 + 7. Let f(r) = -4*r**3 - 9*r**2 - 28. Let u(m) = 2*f(m) + 9*p(m). Give u(w).
7
Let t(d) = -3*d**2 + 9 - 12*d**3 - 7*d**3 + 18*d**3 - 5*d**2 - 7*d. Give t(-7).
9
Let r(v) = v**2 - 6*v - 6. Let o be 6 + -2 - (7 + -10). Give r(o).
1
Let m(c) be the second derivative of -c**6/720 - c**5/40 + c**4/6 + 3*c. Let d(z) be the third derivative of m(z). Let q = -11 - -15. Give d(q).
-7
Let a(d) = -2*d - 1. Let c be a(-3). Let x be 1 - 1 - -3*1. Suppose c*s + 12 = x*s. Let v(o) = o**2 + 6*o - 1. Determine v(s).
-1
Let m(z) be the first derivative of 1/3*z**3 - 1 + 1/2*z**2 - 6*z. Let q = -30 - -30. Give m(q).
-6
Let b(t) = t**3 - t**2 - t + 2. Let u be b(0). Let p(q) = -2*q - 1 + 3*q + q + 5*q**u. Let z be -4*(2 - 3)/4. What is p(z)?
6
Let z(p) = 11*p**2 + 6*p - 5. Let x be -1 - (1 + 0) - -7. Let h(f) = -7*f + 2 - x*f**2 + f + 3*f. Let t(r) = 9*h(r) + 4*z(r). Determine t(-5).
-12
Let m = 10 + -17. Let r(k) = -10*k**3 + 10*k**2 + 6*k + 10. Let g(a) = 3*a**3 - 3*a**2 - 2*a - 3. Let c(j) = m*g(j) - 2*r(j). Calculate c(2).
1
Let c(i) = -5*i - 1. Let p = -2 - 0. Let v be c(p). Suppose 2*o = v - 1. Let m(q) = -q**2 + q + 5. What is m(o)?
-7
Let d(c) = c**3 - 2*c**2 + 3*c + 3. Suppose w = -4*r + 4 - 18, 3*w = -r - 9. Determine d(w).
-19
Let g(r) = -3*r + 2. Let n be 88/33*(-3)/(-2). Give g(n).
-10
Let h(y) = y**2 - 2*y + 1. Suppose 5*l - 3*l = 0. Suppose -x - 5*b = -6*x + 10, l = 3*b + 3. What is h(x)?
0
Let s = -25 + 15. Let i(v) = -v**3 - 11*v**2 - 10*v + 4. Determine i(s).
4
Let n(a) be the second derivative of -2*a**4/3 - a**3/3 - a**2/2 + a. Let p(v) = -v**3 + 8*v**2 + 2*v - 17. Let h be p(8). Determine n(h).
-7
Suppose 2*w + 21 = -4*a + 5, -3*a - 9 = 3*w. Let u(x) = -x**w + 6*x + 4 + 2*x**2 + 3*x. What is u(-6)?
-14
Let h(b) = -b + 2. Let o(c) = 2*c - 18. Let l be o(10). Determine h(l).
0
Suppose -z + 3*z = -4*b + 2, -4*b + 4*z = -32. Let r(p) = 7 - b*p - 1 - 3. What is r(2)?
-3
Let r(p) = -5*p - 1. Suppose -1 - 3 = -2*v. Suppose s - 84 = -v*s. Let a be s/(-20) + (-4)/(-10). Calculate r(a).
4
Suppose -6*r + 6 = 12. Let g(c) = -2*c + 1. Calculate g(r).
3
Let h(p) = -p**2 - 6*p. Let w(b) = b**2 + 5*b. Let k(x) = -5*h(x) - 6*w(x). Calculate k(0).
0
Let m(j) = j**2 - 1. Let y(b) = b + 2. Let x be y(-1). Suppose -9 = -0*o - 3*o. Let z(l) = -2*l**2 - 2*l + 5. Let r(g) = o*m(g) + x*z(g). Give r(3).
5
Let j = -2 + 7. Let b(y) be the second derivative of y**4/12 - 2*y**3/3 - 5*y**2/2 + 10*y. Determine b(j).
0
Let u(n) = n**2 - 6*n - 2. Let s be u(7). Let j(l) = -l - 3. Let y(a) = -1. Let i(f) = -j(f) + 2*y(f). Determine i(s).
6
Let w = 2 + 1. Let k(b) = b - 2*b - w*b + 3*b + 2. Give k(3).
-1
Suppose 0 = 3*w - 4*w + 2. Let y(h) be the first derivative of -1/3*h**3 - 1 - h**2 + w*h. Give y(-2).
2
Suppose -35 = 35*l - 28*l. Let g(i) = i**2 + 6*i + 6. Give g(l).
1
Suppose 4*d - 19 = -3. Let y(t) = 23 + 13*t - d*t - 6. Let f(z) = 3*z + 6. Let p(j) = 17*f(j) - 6*y(j). Determine p(-1).
3
Suppose -3*p = 2*p - 55. Let j = 15 - p. Let b(z) be the second derivative of z**3/6 - z**2/2 - 13*z. Calculate b(j).
3
Let y(s) = -245 + 10*s**2 + s**3 + 123 + 122. What is y(-10)?
0
Suppose -f - 6*x + 3 = -4*x, -15 = -5*f - 5*x. Let z(w) = -16 + 6*w**2 + w**f + 4*w + 16. Calculate z(-5).
5
Let m(n) = n**3 + 6*n**2 + 3*n - 3. Suppose -4*p = 4*y + 8, 5*y + 0*p + 4 = -3*p. Let d = -6 - -10. Suppose -d - y = k. Calculate m(k).
7
Let g(z) = 4*z + 5*z - 12*z - 1 + 4. Let s(o) = 3*o**3 + o**2 - 2*o + 1. Let h be s(1). Calculate g(h).
-6
Let n(j) = -17*j**2 - 1. Suppose -16 = 6*c - 22. Calculate n(c).
-18
Let z(y) be the second derivative of y**5/20 - y**4/4 + 2*y**3/3 - 3*y**2 + 3*y. Let c be z(4). Let p(j) = c + 3*j - 26. What is p(1)?
3
Suppose 4*n - 6 = -3*h, -4*n - 6*h + 18 = -9*h. Let z(a) = a**3 - 3*a**2 + 3*a - 3. Calculate z(n).
6
Suppose 0*r = 3*r. Let m(x) be the first derivative of x**3/3 + x**2/2 + x - 2. Calculate m(r).
1
Let g = -8 - -4. Let h(a) be the second derivative of -a**3/2 - 2*a**2 + 17*a. Calculate h(g).
8
Let i(c) = -4*c**3 - 1. Let a(d) = -5*d**3 - d**2 - 2. Let f(t) = -2*a(t) + 3*i(t). What is f(2)?
-7
Let y(p) = 2*p - 8. Suppose 2*w - 22 - 4 = 4*r, -16 = 3*r - 5*w. Let g = r - -13. Give y(g).
4
Suppose 2*t - 2*a = 3*a - 19, t - 13 = -2*a. Suppose t = 3*f - 0*f. Let r = -5 - f. Let g(v) = v**2 + 4*v - 8. Calculate g(r).
4
Let b = -60 + 58. Let g(v) = -4*v**3 + v**2 + 3*v + 2. Calculate g(b).
32
Let k(g) = -1. Let x(z) = 1. Let a(f) = k(f) - x(f). Let q(d) be the third derivative of -d**4/24 - d**3/3 - 3*d**2. Let s(h) = 5*a(h) - 4*q(h). Determine s(2).
6
Let f(s) = s - 4. Let n be f(5). Let r(m) = -m + 1. Let u(b) = -b. Let k = -2 - -4. Let c(a) = k*u(a) + n*r(a). Determine c(-2).
7
Let g be (0 + -6)/(-24) + 10/(-8). Let j(d) = -d + 1. Determine j(g).
2
Let l(i) = -i**2 + i - 3. Suppose 6*g - 4 = 7*g. Calculate l(g).
-23
Suppose -b - 2*b = 5*n - 500, 0 = -4*b. Let f be ((-4)/(-5))/(10/n). Let k(d) = f + 0 - 7 + 2*d**2 + d. What is k(-2)?
7
Let d(w) = 3 + 2*w**3 - 11*w**2 - w**3 - 4*w**2 - 2*w + 13*w**2. Give d(3).
6
Let j(s) = 5*s. Let k(x) = -12 + 12 - 14*x. Suppose -2*q + 2 = 8. Let m(l) = q*k(l) - 8*j(l). Calculate m(3).
6
Let d be 5*4/(-8)*-2. Suppose -2*p + p = 2*u + 10, 2*u - d*p - 14 = 0. Let r(q) = 2*q**2 + 5*q + 2. What is r(u)?
5
Suppose 7*w + 7 = 28. Let q(g) = g**3 - 2*g**2 - 4*g + 4. Determine q(w).
1
Let b(i) = i - 1. Let d(n) = 10*n**2 + n. Let l be d(-1). Let f = 9 - -1. Let t = f - l. What is b(t)?
0
Suppose 0 = -2*x + 2 + 6, -5*q - x + 19 = 0. Let n(f) = -f**2 - f - 2. Let k(s) = -3*s**2 - s - 5. Let y(w) = -2*k(w) + 5*n(w). What is y(q)?
0
Let w(o) = -2*o**2 - 3*o - 1. Let b be w(-2). Let a = b + 6. Let n(t) = -1 + 2*t - 2*t + t**3 - 3*t**2. Determine n(a).
-1
Let q(v) = -4*v**2 + 7*v - 3. Let g(p) = 7*p**2 - 14*p + 7. Let z(o) = 3*g(o) + 5*q(o). Suppose -16 = -5*n + 9. What is z(n)?
-4
Let n(v) = v**2 + 3*v - 4. Suppose 36 = 3*p + p. Let z = p + -13. Give n(z).
0
Let n = -4 + 2. Let h = n - 3. Let m(s) = s**3 + 4*s**2 - 8*s - 7. Give m(h).
8
Let l(f) be the first derivative of -f**5/60 + 5*f**4/24 + 4*f**3/3 - 2*f**2 - 8. Let s(w) be the second derivative of l(w). Calculate s(6).
2
Let f(t) = 24*t**3 - 13*t**2 - 5*t - 13. Let h = 14 - 8. Let a(k) = -2*k - 3 + k**2 + h*k**3 + k - 4*k**2. Let u(m) = -9*a(m) + 2*f(m). What is u(1)?
-5
Let i(w) = -w**3 + 3*w**2 + 4*w - 2. Suppose -3*a = -0*a - 6. Suppose 0 = -3*f, -a*f - 20 = -5*z + f. Calculate i(z).
-2
Let s(p) be the third derivative of -p**6/120 + p**5/12 + p**4/3 - 4*p**3/3 + 13*p**2. Let y be 18/(-4)*(-8)/6. Calculate s(y).
4
Let z = 9 + -2. Let v(i) = -i + 2 + 1 - z + 3. Calculate v(4).
-5
Let j(q) = 25*q - 10. Let o(i) = -17*i + 7. Let l(c) = -5*j(c) - 7*o(c). Calculate l(4).
-23
Let o(s) = s**3 - 5*s**2 - 2*s. Let u(x) = 3*x**3 - 11*x**2 - 5*x. Let j(d) = 7*o(d) - 3*u(d). Calculate j(-2).
6
Let k(w) = 2*w + 9*w**3 - 4*w**2 + 1 + w**2 + 5*w**2. Suppose d + g - 4 = 0, -7 = d + 5*g - 31. Give k(d).
-8
Let v(b) = -b**2 + b - 2. Suppose -21 = -2*c - 9. Suppose 0 = -3*a - 0*a - c. What is v(a)?
-8
Let k be 5 - (-1)/(1/3). Let g(x) = -k*x**3 + x + 2 - 3 + 2*x**2 - x**2. Give g(1).
-7
Let l(g) be the third derivative of -g**7/1260 + g**6/240 + g**5/60 - g**4/6 + 2*g**2. Let u(r) be the second derivative of l(r). What is u(3)?
-7
Let s(h) = h**3 - 8*h**2 + 9*h + 4. Let c be s(7). Let w = c + -16. Let r(m) be the second derivative of -5*m**3/6 + m**2/2 - 2*m. Give r(w).
-9
Let s(h) = h**2 - 4*h + 2. Suppose 0*f + f = 1. Suppose -2*u + 5 + f = 0. Suppose 2*m - 7 = -b, -2*b = -4*m + u*b + 35. Give s(m).
7
Let o(x) = -6*x - x + 8*x + 1 + 0*x. What is o(1)?
2
Suppose d - 17 = s, 4*d + 4*s - 5 - 23 = 0. Suppose -2*a + 20 = -2*z, 2 - d = 2*z. Let r(b) = 3*b**2 + 3*b - 2*b - 4*b**3 + a*b**3. Calculate r(-2).
2
Let m(k) = -k - 2*k**2 - 2*k + 3 + k**2 + 2*k**2. What is m(2)?
1
Let q(d) = 16*d - 1. Suppose 5*a + 3*t + 8 = 0, t - 2 = 3*a - 0. Deter